{"id":151,"date":"2016-04-19T19:33:51","date_gmt":"2016-04-19T19:33:51","guid":{"rendered":"http:\/\/perimetralmadeiras.com.br\/site\/?page_id=151"},"modified":"2023-08-31T18:12:43","modified_gmt":"2023-08-31T18:12:43","slug":"garapeira","status":"publish","type":"page","link":"http:\/\/www.perimetralmadeiras.com.br\/site\/madeiras\/garapeira\/","title":{"rendered":"Garapeira"},"content":{"rendered":"<div id=\"pl-151\"  class=\"panel-layout\" ><div id=\"pg-151-0\"  class=\"panel-grid panel-no-style\" ><div id=\"pgc-151-0-0\"  class=\"panel-grid-cell\" ><div id=\"panel-151-0-0-0\" class=\"so-panel widget widget_headline-widget panel-first-child panel-last-child\" data-index=\"0\" >\t\t<h1>Garapeira<\/h1>\n\t\t<div class=\"decoration\"><div class=\"decoration-inside\"><\/div><\/div>\n\t\t<h3><\/h3>\n\t\t<\/div><\/div><\/div><div id=\"pg-151-1\"  class=\"panel-grid panel-no-style\" ><div id=\"pgc-151-1-0\"  class=\"panel-grid-cell\" ><div id=\"panel-151-1-0-0\" class=\"so-panel widget widget_sow-slider panel-first-child panel-last-child\" data-index=\"1\" ><div\n\t\t\t\n\t\t\tclass=\"so-widget-sow-slider so-widget-sow-slider-default-6d39609536fd-151\"\n\t\t\t\n\t\t>\t\t\t\t<div class=\"sow-slider-base\" style=\"display: none\" tabindex=\"0\">\n\t\t\t\t\t<ul\n\t\t\t\t\tclass=\"sow-slider-images\"\n\t\t\t\t\tdata-settings=\"{&quot;pagination&quot;:true,&quot;speed&quot;:800,&quot;timeout&quot;:8000,&quot;paused&quot;:false,&quot;pause_on_hover&quot;:false,&quot;swipe&quot;:true,&quot;nav_always_show_desktop&quot;:&quot;&quot;,&quot;nav_always_show_mobile&quot;:&quot;&quot;,&quot;breakpoint&quot;:&quot;780px&quot;,&quot;unmute&quot;:false,&quot;anchor&quot;:null}\"\n\t\t\t\t\t\t\t\t\t\tdata-anchor-id=\"\"\n\t\t\t\t>\t\t<li class=\"sow-slider-image\" style=\"visibility: visible;\" >\n\t\t\t\t\t\t<div class=\"sow-slider-image-container\">\n\t\t\t\t<div class=\"sow-slider-image-wrapper\" style=\"max-width: 525px\">\n\t\t\t\t\t\t\t\t\t\t<div class=\"sow-slider-image-foreground-wrapper\">\n\t\t\t\t\t\t<img width=\"525\" height=\"395\" src=\"http:\/\/www.perimetralmadeiras.com.br\/site\/wp-content\/uploads\/2016\/04\/garapeira.jpg\" class=\"sow-slider-foreground-image\" alt=\"\" decoding=\"async\" style=\"\" srcset=\"http:\/\/www.perimetralmadeiras.com.br\/site\/wp-content\/uploads\/2016\/04\/garapeira.jpg 525w, http:\/\/www.perimetralmadeiras.com.br\/site\/wp-content\/uploads\/2016\/04\/garapeira-300x226.jpg 300w\" sizes=\"(max-width: 525px) 100vw, 525px\" \/>\t\t\t\t\t<\/div>\n\t\t\t\t\t\t\t\t\t<\/div>\n\t\t\t<\/div>\n\t\t\t\t\t<\/li>\n\t\t<\/ul>\t\t\t\t<ol class=\"sow-slider-pagination\">\n\t\t\t\t\t\t\t\t\t\t\t<li><a href=\"#\" data-goto=\"0\" aria-label=\"display slide 1\"><\/a><\/li>\n\t\t\t\t\t\t\t\t\t<\/ol>\n\n\t\t\t\t<div class=\"sow-slide-nav sow-slide-nav-next\">\n\t\t\t\t\t<a href=\"#\" data-goto=\"next\" aria-label=\"next slide\" data-action=\"next\">\n\t\t\t\t\t\t<em class=\"sow-sld-icon-thin-right\"><\/em>\n\t\t\t\t\t<\/a>\n\t\t\t\t<\/div>\n\n\t\t\t\t<div class=\"sow-slide-nav sow-slide-nav-prev\">\n\t\t\t\t\t<a href=\"#\" data-goto=\"previous\" aria-label=\"previous slide\" data-action=\"prev\">\n\t\t\t\t\t\t<em class=\"sow-sld-icon-thin-left\"><\/em>\n\t\t\t\t\t<\/a>\n\t\t\t\t<\/div>\n\t\t\t\t<\/div><\/div><\/div><\/div><div id=\"pgc-151-1-1\"  class=\"panel-grid-cell\" ><div id=\"panel-151-1-1-0\" class=\"so-panel widget widget_sow-editor panel-first-child panel-last-child\" data-index=\"2\" ><div\n\t\t\t\n\t\t\tclass=\"so-widget-sow-editor so-widget-sow-editor-base\"\n\t\t\t\n\t\t>\n<div class=\"siteorigin-widget-tinymce textwidget\">\n\t<p>Na constru\u00e7\u00e3o civil a garapeira \u00e9 utilizada em:<\/p>\n<ul>\n<li>vigas<\/li>\n<li>caibros<\/li>\n<li>t\u00e1buas para assoalhos<\/li>\n<li>tacos para assoalhos<\/li>\n<li>marcos de portas e janelas<\/li>\n<\/ul>\n<\/div>\n<\/div><\/div><\/div><\/div><\/div>","protected":false},"excerpt":{"rendered":"<p>Na constru\u00e7\u00e3o civil a garapeira \u00e9 utilizada em:vigascaibrost\u00e1buas para assoalhostacos para assoalhosmarcos de portas e janelas<\/p>\n","protected":false},"author":1,"featured_media":0,"parent":205,"menu_order":0,"comment_status":"closed","ping_status":"closed","template":"templates\/template-full.php","meta":{"footnotes":""},"yoast_head":"<!-- This site is optimized with the Yoast SEO plugin v21.3 - https:\/\/yoast.com\/wordpress\/plugins\/seo\/ -->\n<title>Garapeira - Madeireira Perimetral<\/title>\n<meta name=\"robots\" content=\"index, follow, max-snippet:-1, max-image-preview:large, max-video-preview:-1\" \/>\n<link rel=\"canonical\" href=\"http:\/\/perimetralmadeiras.com.br\/site\/madeiras\/garapeira\/\" \/>\n<meta property=\"og:locale\" content=\"pt_BR\" \/>\n<meta property=\"og:type\" content=\"article\" \/>\n<meta property=\"og:title\" content=\"Garapeira - Madeireira Perimetral\" \/>\n<meta property=\"og:description\" content=\"Na constru\u00e7\u00e3o civil a garapeira \u00e9 utilizada em:vigascaibrost\u00e1buas para assoalhostacos para assoalhosmarcos de portas e janelas\" \/>\n<meta property=\"og:url\" content=\"http:\/\/perimetralmadeiras.com.br\/site\/madeiras\/garapeira\/\" \/>\n<meta property=\"og:site_name\" content=\"Madeireira Perimetral\" \/>\n<meta property=\"article:publisher\" content=\"http:\/\/facebook.com\/madeireira.perimetral\" \/>\n<meta property=\"article:modified_time\" content=\"2023-08-31T18:12:43+00:00\" \/>\n<meta name=\"twitter:card\" content=\"summary_large_image\" \/>\n<meta name=\"twitter:label1\" content=\"Est. tempo de leitura\" \/>\n\t<meta name=\"twitter:data1\" content=\"1 minuto\" \/>\n<script type=\"application\/ld+json\" class=\"yoast-schema-graph\">{\"@context\":\"https:\/\/schema.org\",\"@graph\":[{\"@type\":\"WebPage\",\"@id\":\"http:\/\/perimetralmadeiras.com.br\/site\/madeiras\/garapeira\/\",\"url\":\"http:\/\/perimetralmadeiras.com.br\/site\/madeiras\/garapeira\/\",\"name\":\"Garapeira - Madeireira Perimetral\",\"isPartOf\":{\"@id\":\"http:\/\/perimetralmadeiras.com.br\/site\/#website\"},\"datePublished\":\"2016-04-19T19:33:51+00:00\",\"dateModified\":\"2023-08-31T18:12:43+00:00\",\"breadcrumb\":{\"@id\":\"http:\/\/perimetralmadeiras.com.br\/site\/madeiras\/garapeira\/#breadcrumb\"},\"inLanguage\":\"pt-BR\",\"potentialAction\":[{\"@type\":\"ReadAction\",\"target\":[\"http:\/\/perimetralmadeiras.com.br\/site\/madeiras\/garapeira\/\"]}]},{\"@type\":\"BreadcrumbList\",\"@id\":\"http:\/\/perimetralmadeiras.com.br\/site\/madeiras\/garapeira\/#breadcrumb\",\"itemListElement\":[{\"@type\":\"ListItem\",\"position\":1,\"name\":\"In\u00edcio\",\"item\":\"http:\/\/perimetralmadeiras.com.br\/site\/\"},{\"@type\":\"ListItem\",\"position\":2,\"name\":\"Madeiras\",\"item\":\"http:\/\/perimetralmadeiras.com.br\/site\/madeiras\/\"},{\"@type\":\"ListItem\",\"position\":3,\"name\":\"Garapeira\"}]},{\"@type\":\"WebSite\",\"@id\":\"http:\/\/perimetralmadeiras.com.br\/site\/#website\",\"url\":\"http:\/\/perimetralmadeiras.com.br\/site\/\",\"name\":\"Madeireira Perimetral\",\"description\":\"Site da Madeireira Perimetral em Caxias do Sul\",\"potentialAction\":[{\"@type\":\"SearchAction\",\"target\":{\"@type\":\"EntryPoint\",\"urlTemplate\":\"http:\/\/perimetralmadeiras.com.br\/site\/?s={search_term_string}\"},\"query-input\":\"required name=search_term_string\"}],\"inLanguage\":\"pt-BR\"}]}<\/script>\n<!-- \/ Yoast SEO plugin. -->","yoast_head_json":{"title":"Garapeira - Madeireira Perimetral","robots":{"index":"index","follow":"follow","max-snippet":"max-snippet:-1","max-image-preview":"max-image-preview:large","max-video-preview":"max-video-preview:-1"},"canonical":"http:\/\/perimetralmadeiras.com.br\/site\/madeiras\/garapeira\/","og_locale":"pt_BR","og_type":"article","og_title":"Garapeira - Madeireira Perimetral","og_description":"Na constru\u00e7\u00e3o civil a garapeira \u00e9 utilizada em:vigascaibrost\u00e1buas para assoalhostacos para assoalhosmarcos de portas e janelas","og_url":"http:\/\/perimetralmadeiras.com.br\/site\/madeiras\/garapeira\/","og_site_name":"Madeireira Perimetral","article_publisher":"http:\/\/facebook.com\/madeireira.perimetral","article_modified_time":"2023-08-31T18:12:43+00:00","twitter_card":"summary_large_image","twitter_misc":{"Est. tempo de leitura":"1 minuto"},"schema":{"@context":"https:\/\/schema.org","@graph":[{"@type":"WebPage","@id":"http:\/\/perimetralmadeiras.com.br\/site\/madeiras\/garapeira\/","url":"http:\/\/perimetralmadeiras.com.br\/site\/madeiras\/garapeira\/","name":"Garapeira - Madeireira Perimetral","isPartOf":{"@id":"http:\/\/perimetralmadeiras.com.br\/site\/#website"},"datePublished":"2016-04-19T19:33:51+00:00","dateModified":"2023-08-31T18:12:43+00:00","breadcrumb":{"@id":"http:\/\/perimetralmadeiras.com.br\/site\/madeiras\/garapeira\/#breadcrumb"},"inLanguage":"pt-BR","potentialAction":[{"@type":"ReadAction","target":["http:\/\/perimetralmadeiras.com.br\/site\/madeiras\/garapeira\/"]}]},{"@type":"BreadcrumbList","@id":"http:\/\/perimetralmadeiras.com.br\/site\/madeiras\/garapeira\/#breadcrumb","itemListElement":[{"@type":"ListItem","position":1,"name":"In\u00edcio","item":"http:\/\/perimetralmadeiras.com.br\/site\/"},{"@type":"ListItem","position":2,"name":"Madeiras","item":"http:\/\/perimetralmadeiras.com.br\/site\/madeiras\/"},{"@type":"ListItem","position":3,"name":"Garapeira"}]},{"@type":"WebSite","@id":"http:\/\/perimetralmadeiras.com.br\/site\/#website","url":"http:\/\/perimetralmadeiras.com.br\/site\/","name":"Madeireira Perimetral","description":"Site da Madeireira Perimetral em Caxias do Sul","potentialAction":[{"@type":"SearchAction","target":{"@type":"EntryPoint","urlTemplate":"http:\/\/perimetralmadeiras.com.br\/site\/?s={search_term_string}"},"query-input":"required name=search_term_string"}],"inLanguage":"pt-BR"}]}},"_links":{"self":[{"href":"http:\/\/www.perimetralmadeiras.com.br\/site\/wp-json\/wp\/v2\/pages\/151"}],"collection":[{"href":"http:\/\/www.perimetralmadeiras.com.br\/site\/wp-json\/wp\/v2\/pages"}],"about":[{"href":"http:\/\/www.perimetralmadeiras.com.br\/site\/wp-json\/wp\/v2\/types\/page"}],"author":[{"embeddable":true,"href":"http:\/\/www.perimetralmadeiras.com.br\/site\/wp-json\/wp\/v2\/users\/1"}],"replies":[{"embeddable":true,"href":"http:\/\/www.perimetralmadeiras.com.br\/site\/wp-json\/wp\/v2\/comments?post=151"}],"version-history":[{"count":5,"href":"http:\/\/www.perimetralmadeiras.com.br\/site\/wp-json\/wp\/v2\/pages\/151\/revisions"}],"predecessor-version":[{"id":540,"href":"http:\/\/www.perimetralmadeiras.com.br\/site\/wp-json\/wp\/v2\/pages\/151\/revisions\/540"}],"up":[{"embeddable":true,"href":"http:\/\/www.perimetralmadeiras.com.br\/site\/wp-json\/wp\/v2\/pages\/205"}],"wp:attachment":[{"href":"http:\/\/www.perimetralmadeiras.com.br\/site\/wp-json\/wp\/v2\/media?parent=151"}],"curies":[{"name":"wp","href":"https:\/\/api.w.org\/{rel}","templated":true}]}}